*y - 99062. What is t(32)?
10
Let z(n) = n**3 - 10*n**2 + 114*n - 10. Determine z(9).
935
Let y(t) = -1229*t + 16199. Determine y(12).
1451
Let d(w) = -20*w**3 - 4*w**2 + 46973*w + 46975. Calculate d(-1).
18
Let y(t) = -27*t**2 - 2180*t + 2788. What is y(-82)?
0
Let l(k) = -275*k**2 - 8792*k + 234. Give l(-32).
-22
Let j(q) = -3*q**2 - 6600*q + 490755. Calculate j(72).
3
Let q(c) = -c**3 + 8*c - 193. Determine q(9).
-850
Let o(c) = 9186*c - 45804. Calculate o(5).
126
Let k(o) = -1034192*o + 8273533. Calculate k(8).
-3
Let q(t) = -10*t**2 + 415*t - 4097. Determine q(17).
68
Let o(v) = -171244*v + 2054929. Determine o(12).
1
Let f(c) = c**3 - 62*c + 73. Determine f(-9).
-98
Let g(k) = k**2 + 52032*k - 5108729. Determine g(98).
11
Let v(m) = -m**3 + 3293*m**2 - 35*m - 25. Give v(0).
-25
Let s(g) = -523*g**2 + 4436*g - 2014. Determine s(8).
2
Let c(s) = 6*s**2 + 37778*s + 414829. What is c(-11)?
-3
Let d(f) = -9*f**3 - 48*f**2 + 141*f - 9. Calculate d(2).
9
Let p(t) = t**2 - 2239*t - 100491. Give p(-44).
-39
Let t(h) = -25*h**3 + 246*h**2 + 25*h - 4. Calculate t(10).
-154
Let j(b) = -2*b**3 + 245*b**2 + 420*b - 36532. Give j(123).
-1
Let x(l) = 842*l + 5418. Calculate x(-6).
366
Let h(c) = -2*c**3 + 118*c**2 + 220*c + 1471. Calculate h(61).
7
Let v(x) = -10013*x + 1131211. Calculate v(113).
-258
Let q(w) = w**3 + 159*w**2 + 665*w + 7074. Determine q(-155).
99
Let o(n) = -117*n**2 + 648*n - 732. Give o(4).
-12
Let l(b) = 5052*b + 10370. Give l(-2).
266
Let k(w) = -2*w**3 + 83*w**2 - 476*w + 26. Give k(7).
75
Let g(c) = -72711*c**2 + 145415*c + 7. Give g(2).
-7
Let n(u) = -u**3 + 499*u**2 - 50904*u - 147. Calculate n(143).
425
Let q(c) = -c**3 - 11*c**2 + 348*c + 50. What is q(14)?
22
Let v(n) = -2*n**3 - 18*n**2 - 2762*n - 24906. Calculate v(-9).
-48
Let p(t) = 118*t + 263. What is p(0)?
263
Let y(o) = -38*o**3 - 2*o**2 - 28*o - 31. Determine y(-1).
33
Let h(c) = -270*c - 625. What is h(-8)?
1535
Let y(t) = -7*t**3 - 1197*t**2 - 2370*t - 681. Give y(-169).
-5
Let t(g) = -2*g**2 - 909*g - 17395. Calculate t(-20).
-15
Let x(z) = 344829*z + 10000050. Give x(-29).
9
Let j(h) = -2*h**2 - 118*h + 37179. What is j(110)?
-1
Let b(z) = 88*z**2 + 574*z + 108. Determine b(-6).
-168
Let p(h) = 42*h + 3122. Give p(-99).
-1036
Let h(p) = 427*p - 19460. Calculate h(45).
-245
Let b(v) = -175*v**3 - 700*v**2 + 278*v + 1113. Calculate b(-4).
1
Let w(z) = z**3 - 19*z**2 - 93*z - 49. Calculate w(22).
-643
Let f(k) = -k**3 - 271*k**2 - 1596*k - 1602. Calculate f(-265).
-12
Let j(h) = 96025*h - 96039. Calculate j(1).
-14
Let x(v) = v**3 - 85*v**2 - 1044*v - 615. What is x(96)?
537
Let f(k) = 797*k - 123564. Determine f(154).
-826
Let j(o) = -361*o - 7532. What is j(-20)?
-312
Let m(o) = 4*o**2 + 3944*o + 913626. Determine m(-614).
-6
Let p(j) = -123*j + 2059. Give p(16).
91
Let n(i) = 3*i**2 + 1506*i + 17640. Determine n(-12).
0
Let r(v) = -2*v**2 - 12904*v - 12897. Determine r(-1).
5
Let g(s) = 22118*s - 88485. What is g(4)?
-13
Let l(k) = -k**2 - 1430*k - 71515. Determine l(-52).
141
Let p(v) = v**2 - 602*v + 11070. Determine p(19).
-7
Let b(d) = 5390*d - 45479. Give b(9).
3031
Let i(n) = -n**3 - 85*n**2 + 29706*n + 1315. Determine i(-220).
-5
Let t(n) = -2*n**3 + 20*n**2 - 45*n + 1113. Determine t(12).
-3
Let a(h) = h**2 - 834*h + 17743. Calculate a(22).
-121
Let f(r) = -11*r**2 - 4065*r + 10014. Determine f(-372).
-30
Let d(q) = -12*q**2 + 598*q + 219. Calculate d(51).
-495
Let m(i) = 1994*i**2 + 2386*i + 2381. Give m(-1).
1989
Let v(j) = 7947*j + 1001241. Give v(-126).
-81
Let v(z) = -314*z**3 - 5*z**2 + 218*z - 213. Calculate v(1).
-314
Let f(q) = -3*q**3 - 10*q**2 - 2991*q - 8961. Calculate f(-3).
3
Let t(p) = -3*p**2 - 2000*p - 12964. Determine t(-660).
236
Let n(y) = -y**2 + 24075*y + 481915. What is n(-20)?
15
Let p(s) = 194803*s - 194798. Give p(1).
5
Let w(c) = -c**3 - 171*c**2 - 7284*c - 355. Calculate w(-91).
9
Let a(z) = 3*z**2 - 2470*z - 32435. Give a(-13).
182
Let x(m) = -m**3 - 205*m**2 + 466*m + 11746. Determine x(-207).
982
Let g(u) = -92738*u - 278210. Calculate g(-3).
4
Let y(j) = -3*j**2 + 4435*j - 61487. Calculate y(14).
15
Let s(w) = w**3 - 138*w**2 - 25*w - 170. Determine s(138).
-3620
Let v(r) = 75*r**2 - 1091*r + 492. Give v(16).
2236
Let o(s) = -832*s + 1134. What is o(2)?
-530
Let z(g) = -3111*g - 463568. Determine z(-149).
-29
Let w(h) = 2*h**3 - 425*h**2 + 9117*h - 1660. Give w(24).
-4
Let p(r) = -22*r**2 + 138*r + 1044. Determine p(-9).
-1980
Let x(i) = -137*i - 6926. Calculate x(-25).
-3501
Let y(i) = -3*i**2 - 105310*i - 526473. Determine y(-5).
2
Let k(f) = 16720*f + 2273975. Calculate k(-136).
55
Let d(f) = -11059*f + 1304967. Determine d(118).
5
Let w(x) = 2*x**3 + 148*x**2 + 758*x - 3945. Give w(-68).
-1
Let s(x) = -2*x**2 - 86*x - 629. Determine s(-34).
-17
Let r(f) = 243*f + 259. Calculate r(-1).
16
Let o(b) = b**2 + 266*b + 11314. Calculate o(-51).
349
Let x(y) = 2*y**3 + 97*y**2 - 5079*y + 4646. Calculate x(31).
-4
Let p(f) = f**3 + 271*f**2 + 2627*f + 4254. Determine p(-261).
-183
Let j(h) = 505*h - 25706. What is j(49)?
-961
Let l(k) = k**3 + 108*k**2 - 691*k - 801. Give l(-114).
-3
Let k(x) = -2*x**3 + 29*x**2 + 183*x - 512. Determine k(-7).
314
Let r(w) = -3*w**2 + 35*w - 36. Determine r(13).
-88
Let n(c) = 26*c**2 + 2394*c - 4922. Give n(2).
-30
Let m(g) = 1136*g + 3756. Calculate m(-3).
348
Let b(z) = -z**3 - 11225*z**2 - 100925*z + 167. Determine b(-9).
-4
Let o(j) = 509748*j - 509805. What is o(1)?
-57
Let c(i) = 51*i**3 - 33*i**2 + 126*i - 92. Determine c(1).
52
Let q(w) = 15989*w - 207949. Calculate q(13).
-92
Let h(p) = -551*p + 4537. Calculate h(6).
1231
Let u(z) = 15428*z + 6371764. What is u(-413)?
0
Let m(a) = 454*a**3 + 2*a**2 - 349*a - 350. What is m(-1)?
-453
Let o(h) = 5*h**3 + 9*h**2 + 50*h + 220. Determine o(-5).
-430
Let m(g) = -468*g + 12434. Calculate m(26).
266
Let j(z) = -z**3 - 409*z**2 - 837*z - 9441. Calculate j(-407).
-80
Let u(l) = 5600*l - 173605. Give u(31).
-5
Let o(i) = -2826*i - 48053. What is o(-17)?
-11
Let z(f) = f**3 + 29*f**2 + 90*f - 490. What is z(-8)?
134
Let c(v) = 29*v**3 + 16*v**2 + 11*v + 2. Determine c(-1).
-22
Let j(n) = -27822*n - 194845. Determine j(-7).
-91
Let b(l) = 1975*l - 16464. Give b(8).
-664
Let l(v) = -v**2 + 128476*v + 1027890. Give l(-8).
18
Let t(y) = -426*y + 15688. What is t(38)?
-500
Let n(i) = -130752*i + 784532. Determine n(6).
20
Let l(x) = -32*x**2 + 2238*x - 11. Determine l(0).
-11
Let c(r) = 2*r**3 - 12*r**2 + 3874*r - 23171. Give c(6).
73
Let r(s) = -3*s**2 - 148*s + 1852. Calculate r(-61).
-283
Let l(i) = i**3 + 324*i**2 - 2256*i + 20219. Give l(-331).
28
Let t(w) = w**2 + 15751*w - 726660. Calculate t(46).
2
Let g(r) = -2*r**3 + 613*r**2 - 1254*r + 67. Calculate g(2).
-5
Let x(m) = 4*m**2 - 1743*m - 36947. Determine x(456).
-11
Let h(v) = 310776*v + 2175453. Determine h(-7).
21
Let j(u) = 191*u**2 - 347*u - 57. Give j(3).
621
Let x(z) = 287*z + 8707. What is x(-25)?
1532
Let q(k) = 184*k - 10009. Give q(53).
-257
Let m(y) = 8*y**3 + 608*y**2 + 1828*y + 7. Calculate m(-3).
-221
Let h(k) = k**2 - 21*k - 5284. What is h(82)?
-282
Let q(v) = -2*v**3 + 100*v**2 + 45*v + 8836. Give q(52).
360
Let y(f) = -5075*f + 182799. What is y(36)?
99
Let d(o) = 18*o**2 - 152*o + 60. What is d(10)?
340
Let z(p) = -48*p - 3216. Give z(-67).
0
Let s(p) = -29*p**2 + 199*p - 106. Calculate s(8).
-370
Let v(q) = -71*q**3 + 35*q**2 + 37*q + 2. What is v(-1)?
71
Let t(v) = 269*v + 18049. Calculate t(-66).
295
Let u(q) = 3*q**3 + 16*q**2 - 2255*q - 5700. Give u(-29).
-16
Let r(l) = l**3 - 10*l**2 + 23*l - 96. What is r(4)?
-100
Let v(j) = 79971*j + 4238462. Calculate v(-53).
-1
Let l(m) = -30411*m - 60845. What is l(-2)?
-23
Let l(k) = -k**3 - 65*k**2 - 2586*k - 175032. Calculate l(-66).
0
Let n(s) = -76109*s + 304438. Calculate n(4).
2
Let s(g) = -9*g**3 + 250*g**2 + 315*g + 303. Determine s(29).
187
Let f(q) = -124460*q + 497825. Determine f(4).
-15
Let i(r) = 2*r**3 - 95*r**2 + 331*r - 918. What is i(44)?
94
Let d(v) = 4*v**2 + 386*v - 12165. Give d(25).
-15
Let l(x) = 5715*x + 3737612. Determine l(-654).
2
Let k(t) = -10822*t - 54532. Determine k(-5).
-422
Let h(n) = -237562*n + 237526. Determine h(1).
-36
Let n(u) = -u**3 + 3*u**2 - 38*u - 40. Determine n(-1).
2
Let o(